the prime factors of 16/(-24) + p/3.
5, 11
Let s be 3 + 2*(1 + 0). Suppose s*g + 72 = -18. Let w = g - -69. What are the prime factors of w?
3, 17
Let d(u) = 2*u**2 - 12*u - 30. Let a be d(-2). Suppose o = -2*q + 387 + 40, a*q = o + 437. List the prime factors of q.
2, 3
Let w(v) = 245*v**2 + 47*v - 298. What are the prime factors of w(11)?
2, 3733
Suppose -16585 = -17*t + 2608. Suppose 6536 = 7*w - t. What are the prime factors of w?
3, 5, 73
Let v(t) = -10*t + 25. Let w(r) = -2*r**3 + 4*r**2 - 3*r - 3. Let k be w(2). Let y be v(k). Let l = y + -75. What are the prime factors of l?
2, 5
Let o(m) = -9240*m - 18498. What are the prime factors of o(-12)?
2, 3, 89, 173
Let a(j) = j**2 - 5*j - 25. Let w be a(-4). Suppose w*f = -4*f + 8895. List the prime factors of f.
593
Let t(n) = -63*n - 319. Suppose 242 = -22*j - 110. What are the prime factors of t(j)?
13, 53
Suppose -60582 = -34*p + 207202. List the prime factors of p.
2, 11, 179
What are the prime factors of (-16)/(((-60)/5 + 13)*4/(-9232))?
2, 577
Let z(t) = 35*t**2 - 7*t + 4. Let y be z(-4). Let m = -301 + y. Suppose -5*d - m = -3*g, -2*g - 7*d = -2*d - 169. What are the prime factors of g?
2, 23
Let v(r) = -2*r**2 + 17*r - 30. Let u be ((10/(-5))/2)/(2/(-26)). Let q be v(u). Let l = 246 + q. List the prime factors of l.
3, 11
Suppose -181*g = -179*g - 8. Suppose -k - 188 + 1968 = -g*t, 0 = 3*t + 3. List the prime factors of k.
2, 3, 37
Suppose 724*n - 732*n = -70210 - 14406. List the prime factors of n.
7, 1511
What are the prime factors of 0 + (-2)/(-4) - -29429*(-4)/(-8)?
3, 5, 109
Let d be 12/((-12)/(-4)) - 0. Let f(k) = 26 - k - d - 17 + 32. What are the prime factors of f(21)?
2
Suppose 0 = 35*d - 32*d + 165. Let y = 228 + d. List the prime factors of y.
173
Let y be (-21854)/(-35) + 6/(-15). Let d = 1257 - y. Suppose -5*o - w + d = w, 383 = 3*o - 2*w. List the prime factors of o.
127
Let c = 126 + 1179. Let k = c + -916. List the prime factors of k.
389
Let s be 45/((-6)/(-16)*4). Let o be 27/5 + (-12)/s. Suppose 2*y = -r + 118, -4*r + 2*r = o*y - 297. List the prime factors of y.
61
Let j(y) = -10*y + 15. Let q be j(-9). Let w = 255 - q. Let n = w + -104. What are the prime factors of n?
2, 23
Let f = 3417 + -2251. Let c = 1648 - f. List the prime factors of c.
2, 241
Let f(b) = 602*b**2 + 18*b + 46. What are the prime factors of f(-3)?
2, 5, 541
Suppose 0 = -46*k + 50*k + 5*p - 44172, 0 = 3*k - 3*p - 33156. What are the prime factors of k?
2, 1381
Let p(h) = 15*h**3 + 9*h**2 - 46*h - 137. List the prime factors of p(9).
11113
Let l(w) = -2*w + 44. Let t be l(-25). Let r = 167 + t. List the prime factors of r.
3, 29
Suppose -k + 3*b + 0*b + 31 = 0, 4*b = k - 31. Suppose 21*x = k*x - 410. List the prime factors of x.
41
Let q(t) = 482*t**3 + 23*t**2 - 111*t + 45. List the prime factors of q(5).
3, 5, 4021
Let t(r) = r**2 + 19*r + 12. Let h(k) = -k**2 - 22*k - 13. Let u(m) = 4*h(m) + 3*t(m). List the prime factors of u(-18).
2, 109
Let s = -7549 - -11023. List the prime factors of s.
2, 3, 193
Let a be (2/8)/((-13)/(-520)). Let q(z) = -z**3 + 13*z**2 - 10*z - 25. List the prime factors of q(a).
5, 7
Let s(i) = -6 + i**2 - 18*i + 30 - 2*i**2. What are the prime factors of s(-13)?
89
Let l = 30671 - 16901. List the prime factors of l.
2, 3, 5, 17
Let f(o) = -420*o + 908. List the prime factors of f(-6).
2, 857
Let h = 25747 - 13013. What are the prime factors of h?
2, 6367
Let p(n) = -18*n**3 - 36*n**2 - 447*n - 78. List the prime factors of p(-11).
3, 8147
Let h = -43391 - -48938. What are the prime factors of h?
3, 43
Let m(w) = 78*w - 1 - 199*w + 74*w + 63*w. List the prime factors of m(45).
719
Let g be (0 - -148*1)*(-1829)/(-124). Suppose -2*t - 2186 = -5*i, i + 4*i - t - g = 0. List the prime factors of i.
2, 109
Let z be -2 + -8 + (-4 - 83). Suppose -193 - 299 = -3*s. Let j = z + s. What are the prime factors of j?
67
Let g = -33939 - -51442. List the prime factors of g.
23, 761
Let y(o) = -11 - 9*o + o**3 - 6*o**2 + 0*o**2 - 2*o**3 + o**2. Let p be y(-6). Let h = -10 + p. What are the prime factors of h?
3, 23
Let a(d) = d**2 + 2*d + 8. Suppose 200 = -17*h + 12*h. Let g = h + 37. What are the prime factors of a(g)?
11
Let v(r) = 14*r**3 - 21*r**2 - 54*r - 18. List the prime factors of v(13).
26489
Let d = -103713 - -181167. What are the prime factors of d?
2, 3, 13, 331
Let l be (-6)/((-18)/12819) - (-1 + -1). Suppose -2*h + l = 3*h - 2*o, h = -5*o + 828. What are the prime factors of h?
853
Suppose -14*o = 11*o - 854349 - 743526. What are the prime factors of o?
3, 5, 4261
Let c(p) = 10*p**2 + p - 1. Let q be c(1). Let i be -2 + (9 - 5) + 0. What are the prime factors of (4 + q)/((4/13)/i)?
7, 13
Suppose -22 - 98 = 10*k. Let h(x) = 15*x + 223. List the prime factors of h(k).
43
Let f(r) = -155 + 78 - 3*r + 14*r**2 + 58. List the prime factors of f(-4).
7, 31
Let x(b) be the first derivative of -b**2/2 + 20*b + 1. Let k(v) = -54*v + 5. Let y be k(0). What are the prime factors of x(y)?
3, 5
Let n = -10 + 12. Suppose 89 = n*w + 97. List the prime factors of 2/w + (356/8 - 1).
43
Let z(b) = 9*b + 4. Let f be z(2). Let s = -18 + f. Suppose 0 = -i + 3*t + 55, -5*i - 3*t = -s*t - 205. What are the prime factors of i?
2, 5
Let l be 44430 - ((-2)/7*-7 + -8). Suppose 36*p = -12108 + l. List the prime factors of p.
2, 449
Let d(v) = -3*v - 15. Let a be d(-6). Suppose -4*y = a*t - 1197, -4*t - y = 4*y - 1595. Let b = t + -273. What are the prime factors of b?
2, 61
Let p(q) = q - 6. Let f be p(4). Let r be (-3 - f)*(1 - 1). Suppose r = 30*s - 27*s - 207. What are the prime factors of s?
3, 23
Suppose -3*m + m - 3*l + 8 = 0, 3*m - 5*l - 31 = 0. Suppose m*r - 199 = 788. What are the prime factors of r?
3, 47
Suppose 0 = -135*t + 136*t. Suppose t*q - 3240 = -5*q. List the prime factors of q.
2, 3
Let g = -177 - -182. Suppose -g*h + 4*t = -636 - 55, -h + 3*t + 136 = 0. What are the prime factors of h?
139
List the prime factors of 6*(-186934)/(-33) - 10.
2, 3, 7, 809
Let v(r) = r + 9. Let s be v(-15). Let d = s - -27. What are the prime factors of (-1 - 1198/(-14)) + 9/d?
5, 17
Let s(t) be the second derivative of -t**5/20 - t**4/6 - 4*t**3/3 - 11*t**2 + 16*t + 2. What are the prime factors of s(-6)?
2, 5, 17
Suppose 15*t - 68685 - 211425 = 0. What are the prime factors of t?
2, 9337
Suppose -6*q + 48 = 0, -5*m + 262738 = -q - 3*q. What are the prime factors of m?
2, 3, 19, 461
Suppose -33 = 3*l - 3*t - 0, 0 = -2*l - 3*t - 47. Let r = -26 - l. List the prime factors of (-125)/(-30)*(-8)/r*75.
2, 5
Let r(b) = 1100*b**2 - 69*b - 270. What are the prime factors of r(-4)?
2, 8803
Suppose 9*x = 6445 + 8279. Suppose 7*p = 4233 - x. List the prime factors of p.
7, 53
Let k = -250 - -142. Let g be -2 + k - (-3 + 1). What are the prime factors of (4 - g) + (0 - 1)?
3, 37
Suppose -69 + 242 = t. Let c = 342 - t. What are the prime factors of c?
13
Let d(w) = -w + 22. Let t be d(7). Suppose -t*f - 5 = -16*f. List the prime factors of 138 + (f + -7)*(-1)/1.
2, 5, 7
Suppose -12 = -4*y, 5778 = 3*k + y + 1197. Suppose 0 = 6*x - k - 742. List the prime factors of x.
2, 3, 7
Suppose 30*t - 20*t = 30. Suppose k - 1604 = -t*k + 3*v, 0 = 5*v - 20. List the prime factors of k.
2, 101
Suppose -10*d = 23 - 313. Let a(r) = -7*r + 4 - 28*r**2 + d*r**2 - 31 + r. List the prime factors of a(11).
2, 7
Let d = -19332 + 47422. What are the prime factors of d?
2, 5, 53
Let a = -9 + 17. Let d be (-7)/((-28)/a) + 100. Let x = d + -7. What are the prime factors of x?
5, 19
Suppose -3*a + 109 = -r, -2*r - 3*r = 4*a - 139. Let i be ((-212)/6)/((-4)/a). Let c = -123 + i. What are the prime factors of c?
3, 5, 13
List the prime factors of -204531*(-4)/78 + (-21)/(-91).
17, 617
Suppose -4*d + 59 = 299. Let m = -43 - d. Suppose -15*c = -m*c + 622. List the prime factors of c.
311
Let q = 352 - 236. Suppose 120*p - q*p = 972. List the prime factors of p.
3
Let w(a) = -15*a**2 + 26*a + 17453. List the prime factors of w(0).
31, 563
Let m = -8998 - -16624. List the prime factors of m.
2, 3, 31, 41
Let a(z) = 170*z**3 + 3*z**2 + 11*z - 3. Let i be a(-4). Let t = i - 1531. What are the prime factors of t/(-210) + (-4)/42?
59
What are the prime factors of (91932/14)/(1076/3766)?
3, 47, 163
Let n(f) = 13*f**3 + f**2 + 6. Let m be n(